en 133 is divided by 23.
18
Calculate the remainder when 1390 is divided by 54.
40
What is the remainder when 141 is divided by 49?
43
What is the remainder when 1940 is divided by 138?
8
Calculate the remainder when 1004 is divided by 67.
66
What is the remainder when 797 is divided by 80?
77
Calculate the remainder when 13 is divided by 8.
5
Calculate the remainder when 125 is divided by 42.
41
What is the remainder when 2065 is divided by 44?
41
Calculate the remainder when 359 is divided by 113.
20
Calculate the remainder when 686 is divided by 312.
62
What is the remainder when 3941 is divided by 164?
5
Calculate the remainder when 186 is divided by 16.
10
Calculate the remainder when 305 is divided by 6.
5
Calculate the remainder when 865 is divided by 33.
7
Calculate the remainder when 56 is divided by 17.
5
Calculate the remainder when 122 is divided by 35.
17
Calculate the remainder when 105 is divided by 10.
5
What is the remainder when 143 is divided by 31?
19
What is the remainder when 8501 is divided by 2124?
5
Calculate the remainder when 2698 is divided by 159.
154
What is the remainder when 424 is divided by 25?
24
What is the remainder when 1099 is divided by 100?
99
Calculate the remainder when 54 is divided by 12.
6
Calculate the remainder when 318 is divided by 20.
18
What is the remainder when 95 is divided by 27?
14
What is the remainder when 484 is divided by 136?
76
Calculate the remainder when 86 is divided by 8.
6
What is the remainder when 62 is divided by 25?
12
Calculate the remainder when 424 is divided by 18.
10
What is the remainder when 2811 is divided by 7?
4
Calculate the remainder when 26 is divided by 19.
7
Calculate the remainder when 244 is divided by 69.
37
Calculate the remainder when 733 is divided by 16.
13
Calculate the remainder when 316 is divided by 135.
46
What is the remainder when 338 is divided by 76?
34
Calculate the remainder when 660 is divided by 168.
156
What is the remainder when 458 is divided by 119?
101
Calculate the remainder when 1503 is divided by 47.
46
Calculate the remainder when 882 is divided by 41.
21
Calculate the remainder when 1893 is divided by 64.
37
Calculate the remainder when 442 is divided by 103.
30
What is the remainder when 92 is divided by 39?
14
What is the remainder when 2649 is divided by 50?
49
What is the remainder when 349 is divided by 31?
8
What is the remainder when 57 is divided by 24?
9
Calculate the remainder when 181 is divided by 19.
10
Calculate the remainder when 82 is divided by 21.
19
Calculate the remainder when 163 is divided by 41.
40
What is the remainder when 173 is divided by 15?
8
What is the remainder when 307 is divided by 62?
59
What is the remainder when 184 is divided by 3?
1
What is the remainder when 745 is divided by 146?
15
Calculate the remainder when 2292 is divided by 27.
24
Calculate the remainder when 2071 is divided by 345.
1
Calculate the remainder when 3039 is divided by 117.
114
What is the remainder when 379 is divided by 97?
88
What is the remainder when 443 is divided by 12?
11
Calculate the remainder when 1693 is divided by 16.
13
What is the remainder when 312 is divided by 149?
14
Calculate the remainder when 434 is divided by 20.
14
What is the remainder when 563 is divided by 12?
11
Calculate the remainder when 198 is divided by 40.
38
What is the remainder when 361 is divided by 13?
10
Calculate the remainder when 1570 is divided by 196.
2
What is the remainder when 9453 is divided by 29?
28
What is the remainder when 10411 is divided by 254?
251
Calculate the remainder when 232 is divided by 12.
4
What is the remainder when 605 is divided by 13?
7
What is the remainder when 10 is divided by 4?
2
Calculate the remainder when 123 is divided by 53.
17
What is the remainder when 250 is divided by 15?
10
What is the remainder when 262 is divided by 41?
16
Calculate the remainder when 66 is divided by 44.
22
What is the remainder when 176 is divided by 160?
16
Calculate the remainder when 675 is divided by 19.
10
Calculate the remainder when 729 is divided by 180.
9
Calculate the remainder when 1558 is divided by 504.
46
What is the remainder when 134 is divided by 54?
26
What is the remainder when 548 is divided by 154?
86
Calculate the remainder when 21 is divided by 1.
0
What is the remainder when 256 is divided by 65?
61
Calculate the remainder when 173 is divided by 23.
12
Calculate the remainder when 97 is divided by 27.
16
Calculate the remainder when 313 is divided by 79.
76
Calculate the remainder when 41 is divided by 18.
5
What is the remainder when 867 is divided by 1?
0
Calculate the remainder when 94 is divided by 58.
36
Calculate the remainder when 1216 is divided by 231.
61
Calculate the remainder when 137 is divided by 47.
43
Calculate the remainder when 164 is divided by 90.
74
Calculate the remainder when 406 is divided by 83.
74
Calculate the remainder when 488 is divided by 343.
145
Calculate the remainder when 6883 is divided by 2293.
4
Calculate the remainder when 2015 is divided by 7.
6
What is the remainder when 125 is divided by 35?
20
What is the remainder when 950 is divided by 119?
117
What is the remainder when 745 is divided by 50?
45
What is the remainder when 489 is divided by 5?
4
What is the remainder when 148 is divided by 50?
48
What is the remainder when 1565 is divided by 159?
134
Calculate the remainder when 360 is divided by 102.
54
What is the remainder when 155 is divided by 12?
11
What is the remainder when 244 is divided by 80?
4
What is the remainder when 31412 is divided by 28?
24
What is the remainder when 1128 is divided by 11?
6
Calculate the remainder when 20075 is divided by 39.
29
What is the remainder when 533 is divided by 107?
105
What is the remainder when 531 is divided by 143?
102
Calculate the remainder when 462 is divided by 67.
60
What is the remainder when 196 is divided by 129?
67
What is the remainder when 101 is divided by 91?
10
Calculate the remainder when 2666 is divided by 39.
14
What is the remainder when 239 is divided by 25?
14
What is the remainder when 33 is divided by 13?
7
Calculate the remainder when 5399 is divided by 25.
24
What is the remainder when 663 is divided by 221?
0
Calculate the remainder when 221 is divided by 167.
54
What is the remainder when 143 is divided by 37?
32
What is the remainder when 6 is divided by 3?
0
What is the remainder when 9054 is divided by 312?
6
Calculate the remainder when 716 is divided by 42.
2
What is the remainder when 1194 is divided by 63?
60
What is the remainder when 137 is divided by 62?
13
What is the remainder when 866 is divided by 216?
2
What is the remainder when 65 is divided by 31?
3
Calculate the remainder when 1063 is divided by 153.
145
Calculate the remainder when 192 is divided by 49.
45
What is the remainder when 26548 is divided by 50?
48
What is the remainder when 10412 is divided by 117?
116
Calculate the remainder when 49 is divided by 14.
7
What is the remainder when 307 is divided by 44?
43
What is the remainder when 522 is divided by 246?
30
What is the remainder when 250 is divided by 120?
10
What is the remainder when 64 is divided by 29?
6
Calculate the remainder when 286 is divided by 147.
139
What is the remainder when 583 is divided by 171?
70
What is the remainder when 615 is divided by 21?
6
Calculate the remainder when 4238 is divided by 250.
238
Calculate the remainder when 53 is divided by 27.
26
Calculate the remainder when 652 is divided by 505.
147
Calculate the remainder when 3069 is divided by 171.
162
What is the remainder when 48 is divided by 41?
7
What is the remainder when 218 is divided by 35?
8
Calculate the remainder when 15 is divided by 6.
3
Calculate the remainder when 73 is divided by 33.
7
Calculate the remainder when 167 is divided by 9.
5
Calculate the remainder when 323 is divided by 69.
47
What is the remainder when 135 is divided by 38?
21
What is the remainder when 782 is divided by 14?
12
What is the remainder when 1431 is divided by 44?
23
Calculate the remainder when 7636 is divided by 114.
112
Calculate the remainder when 1203 is divided by 316.
255
Calculate the remainder when 3471 is divided by 1157.
0
What is the remainder when 3